{"id":3090,"date":"2018-04-23T10:09:40","date_gmt":"2018-04-23T10:09:40","guid":{"rendered":"http:\/\/nncacademy.com\/?page_id=3090"},"modified":"2018-04-23T10:09:40","modified_gmt":"2018-04-23T10:09:40","slug":"%d8%a8%d9%8a%d8%a7%d9%86%d8%a7%d8%aa-%d8%a7%d9%84%d8%ad%d8%b3%d8%a7%d8%a8-%d8%a7%d9%84%d8%a8%d9%86%d9%83%d9%8a-%d9%84%d8%aa%d8%b3%d8%af%d9%8a%d8%af-%d8%b1%d8%b3%d9%88%d9%85-%d8%a7%d9%84%d8%aa%d8%b3","status":"publish","type":"page","link":"https:\/\/nncacademy.com\/?page_id=3090","title":{"rendered":"\u0628\u064a\u0627\u0646\u0627\u062a \u0627\u0644\u062d\u0633\u0627\u0628 \u0627\u0644\u0628\u0646\u0643\u064a \u0644\u062a\u0633\u062f\u064a\u062f \u0631\u0633\u0648\u0645 \u0627\u0644\u062a\u0633\u062c\u064a\u0644"},"content":{"rendered":"<div style=\"padding-bottom:20px; padding-top:10px;\" class=\"hupso-share-buttons\"><!-- Hupso Share Buttons - https:\/\/www.hupso.com\/share\/ --><a class=\"hupso_toolbar\" href=\"https:\/\/www.hupso.com\/share\/\"><img decoding=\"async\" src=\"https:\/\/static.hupso.com\/share\/buttons\/share-medium.png\" style=\"border:0px; padding-top: 5px; float:right;\" alt=\"Share Button\"\/><\/a><script type=\"text\/javascript\">var hupso_services_t=new Array(\"Twitter\",\"Facebook\",\"Google Plus\",\"Pinterest\",\"Linkedin\",\"Email\",\"Print\");var hupso_background_t=\"#EAF4FF\";var hupso_border_t=\"#66CCFF\";var hupso_toolbar_size_t=\"medium\";var hupso_image_folder_url = \"\";var hupso_url_t=\"\";var hupso_title_t=\"%D8%A8%D9%8A%D8%A7%D9%86%D8%A7%D8%AA%20%D8%A7%D9%84%D8%AD%D8%B3%D8%A7%D8%A8%20%D8%A7%D9%84%D8%A8%D9%86%D9%83%D9%8A%20%D9%84%D8%AA%D8%B3%D8%AF%D9%8A%D8%AF%20%D8%B1%D8%B3%D9%88%D9%85%20%D8%A7%D9%84%D8%AA%D8%B3%D8%AC%D9%8A%D9%84\";<\/script><script type=\"text\/javascript\" src=\"https:\/\/static.hupso.com\/share\/js\/share_toolbar.js\"><\/script><!-- Hupso Share Buttons --><\/div><p>&nbsp;<\/p>\n<p>\u0627\u0633\u0645 \u0627\u0644\u062d\u0633\u0627\u0628 :<br \/>\n<strong>MART E\u011e\u0130T\u0130M DANI\u015e\u2026LTD \u015eTI<\/strong><br \/>\n\u0631\u0642\u0645 \u0627\u0644\u062d\u0633\u0627\u0628 :<br \/>\n<strong>93941608<\/strong><br \/>\n\u0631\u0642\u0645 \u0627\u0644\u0627\u064a\u0628\u0627\u0646 ( \u062f\u0648\u0644\u0627\u0631 \u0623\u0645\u0631\u064a\u0643\u064a) :<br \/>\n<strong>TR09 0020 5000 0939 4160 8001 01<\/strong><\/p>\n<p>\u0631\u0642\u0645 \u0627\u0644\u0627\u064a\u0628\u0627\u0646 (\u0644\u064a\u0631\u0629 \u062a\u0631\u0643\u064a\u0629) :<br \/>\n<strong>TR90 0020 5000 0939 4160 8000 01<\/strong><br \/>\n\u0627\u0644\u0633\u0648\u064a\u0641\u062a \u0643\u0648\u062f \u0627\u0644\u062e\u0627\u0635 \u0628\u0627\u0644\u0628\u0646\u0643:<br \/>\n<strong>KTEFTRISXXX<\/strong><br \/>\n\u0627\u0633\u0645 \u0627\u0644\u0628\u0646\u0643:<br \/>\n<strong>KUVEYTT\u00dcRK \u2013 Turkey<\/strong><\/p>\n<p><strong>*\u0645\u0644\u0627\u062d\u0638\u0629: \u0644\u0644\u062a\u062d\u0648\u064a\u0644:<br \/>\n\u2013 \u0645\u0646 \u062f\u0627\u062e\u0644 \u062a\u0631\u0643\u064a\u0627\u00a0<\/strong>\u062a\u062d\u062a\u0627\u062c \u0641\u0642\u0637 \u0627\u0633\u0645 \u0627\u0644\u062d\u0633\u0627\u0628 \u0648\u0631\u0642\u0645 \u0627\u0644\u062d\u0633\u0627\u0628 \u0627\u0630\u0627 \u0643\u0627\u0646 \u0627\u0644\u062a\u062d\u0648\u064a\u0644 \u0645\u0646 \u0646\u0641\u0633 \u0628\u0646\u0643 \u0643\u0648\u064a\u062a \u062a\u0631\u0643.\u00a0<strong><br \/>\n\u2013 \u0645\u0646 \u0628\u0646\u0643 \u0622\u062e\u0631 \u0623\u0648 \u0645\u0646 \u062e\u0627\u0631\u062c \u062a\u0631\u0643\u064a\u0627\u00a0<\/strong>\u0641\u0625\u0646\u0643 \u062a\u062d\u062a\u0627\u062c \u0627\u0633\u0645 \u0627\u0644\u062d\u0633\u0627\u0628 + \u0631\u0642\u0645 \u0627\u0644\u0627\u064a\u0628\u0627\u0646 + \u0627\u0644\u0633\u064a\u0648\u0641\u062a \u0643\u0648\u062f + \u0627\u0633\u0645 \u0627\u0644\u0628\u0646\u0643.<\/p>\n<p><a href=\"http:\/\/nncacademy.com\/wp-content\/uploads\/2017\/12\/nnc-academy-dr.Emad-alchaib.png\"><img fetchpriority=\"high\" decoding=\"async\" class=\"size-full wp-image-3068\" src=\"http:\/\/nncacademy.com\/wp-content\/uploads\/2017\/12\/nnc-academy-dr.Emad-alchaib.png\" alt=\"NNC Academy 2018 plan\" width=\"689\" height=\"184\" srcset=\"https:\/\/nncacademy.com\/wp-content\/uploads\/2017\/12\/nnc-academy-dr.Emad-alchaib.png 689w, https:\/\/nncacademy.com\/wp-content\/uploads\/2017\/12\/nnc-academy-dr.Emad-alchaib-300x80.png 300w\" sizes=\"(max-width: 689px) 100vw, 689px\" \/><\/a><\/p>\n<div class=\"hupso-share-buttons\"><\/div>\n<div style=\"padding-bottom:20px; padding-top:10px;\" class=\"hupso-share-buttons\"><!-- Hupso Share Buttons - https:\/\/www.hupso.com\/share\/ --><a class=\"hupso_toolbar\" href=\"https:\/\/www.hupso.com\/share\/\"><img decoding=\"async\" src=\"https:\/\/static.hupso.com\/share\/buttons\/share-medium.png\" style=\"border:0px; padding-top: 5px; float:right;\" alt=\"Share Button\"\/><\/a><script type=\"text\/javascript\">var hupso_services_t=new Array(\"Twitter\",\"Facebook\",\"Google Plus\",\"Pinterest\",\"Linkedin\",\"Email\",\"Print\");var hupso_background_t=\"#EAF4FF\";var hupso_border_t=\"#66CCFF\";var hupso_toolbar_size_t=\"medium\";var hupso_image_folder_url = \"\";var hupso_url_t=\"\";var hupso_title_t=\"%D8%A8%D9%8A%D8%A7%D9%86%D8%A7%D8%AA%20%D8%A7%D9%84%D8%AD%D8%B3%D8%A7%D8%A8%20%D8%A7%D9%84%D8%A8%D9%86%D9%83%D9%8A%20%D9%84%D8%AA%D8%B3%D8%AF%D9%8A%D8%AF%20%D8%B1%D8%B3%D9%88%D9%85%20%D8%A7%D9%84%D8%AA%D8%B3%D8%AC%D9%8A%D9%84\";<\/script><script type=\"text\/javascript\" src=\"https:\/\/static.hupso.com\/share\/js\/share_toolbar.js\"><\/script><!-- Hupso Share Buttons --><\/div>","protected":false},"excerpt":{"rendered":"<div style=\"padding-bottom:20px; padding-top:10px;\" class=\"hupso-share-buttons\"><!-- Hupso Share Buttons - https:\/\/www.hupso.com\/share\/ --><a class=\"hupso_toolbar\" href=\"https:\/\/www.hupso.com\/share\/\"><img src=\"https:\/\/static.hupso.com\/share\/buttons\/share-medium.png\" style=\"border:0px; padding-top: 5px; float:right;\" alt=\"Share Button\"\/><\/a><script type=\"text\/javascript\">var hupso_services_t=new Array(\"Twitter\",\"Facebook\",\"Google Plus\",\"Pinterest\",\"Linkedin\",\"Email\",\"Print\");var hupso_background_t=\"#EAF4FF\";var hupso_border_t=\"#66CCFF\";var hupso_toolbar_size_t=\"medium\";var hupso_image_folder_url = \"\";var hupso_url_t=\"\";var hupso_title_t=\"%D8%A8%D9%8A%D8%A7%D9%86%D8%A7%D8%AA%20%D8%A7%D9%84%D8%AD%D8%B3%D8%A7%D8%A8%20%D8%A7%D9%84%D8%A8%D9%86%D9%83%D9%8A%20%D9%84%D8%AA%D8%B3%D8%AF%D9%8A%D8%AF%20%D8%B1%D8%B3%D9%88%D9%85%20%D8%A7%D9%84%D8%AA%D8%B3%D8%AC%D9%8A%D9%84\";<\/script><script type=\"text\/javascript\" src=\"https:\/\/static.hupso.com\/share\/js\/share_toolbar.js\"><\/script><!-- Hupso Share Buttons --><\/div><p>&nbsp; \u0627\u0633\u0645 \u0627\u0644\u062d\u0633\u0627\u0628 : MART E\u011e\u0130T\u0130M DANI\u015e\u2026LTD \u015eTI \u0631\u0642\u0645 \u0627\u0644\u062d\u0633\u0627\u0628 : 93941608 \u0631\u0642\u0645 \u0627\u0644\u0627\u064a\u0628\u0627\u0646 ( \u062f\u0648\u0644\u0627\u0631 \u0623\u0645\u0631\u064a\u0643\u064a) : TR09 0020 5000 0939 4160 8001 01 \u0631\u0642\u0645 \u0627\u0644\u0627\u064a\u0628\u0627\u0646 (\u0644\u064a\u0631\u0629 \u062a\u0631\u0643\u064a\u0629) : TR90 0020 5000 0939 4160 8000 01 \u0627\u0644\u0633\u0648\u064a\u0641\u062a \u0643\u0648\u062f \u0627\u0644\u062e\u0627\u0635 \u0628\u0627\u0644\u0628\u0646\u0643: KTEFTRISXXX \u0627\u0633\u0645 \u0627\u0644\u0628\u0646\u0643: KUVEYTT\u00dcRK \u2013 Turkey *\u0645\u0644\u0627\u062d\u0638\u0629: \u0644\u0644\u062a\u062d\u0648\u064a\u0644: \u2013 \u0645\u0646 \u062f\u0627\u062e\u0644 \u062a\u0631\u0643\u064a\u0627\u00a0\u062a\u062d\u062a\u0627\u062c \u0641\u0642\u0637 \u0627\u0633\u0645 &hellip; <\/p>\n<p><a class=\"more-link btn\" href=\"https:\/\/nncacademy.com\/?page_id=3090\">\u0627\u0642\u0631\u0623 \u0627\u0644\u0645\u0632\u064a\u062f<\/a><\/p>\n<div style=\"padding-bottom:20px; padding-top:10px;\" class=\"hupso-share-buttons\"><!-- Hupso Share Buttons - https:\/\/www.hupso.com\/share\/ --><a class=\"hupso_toolbar\" href=\"https:\/\/www.hupso.com\/share\/\"><img src=\"https:\/\/static.hupso.com\/share\/buttons\/share-medium.png\" style=\"border:0px; padding-top: 5px; float:right;\" alt=\"Share Button\"\/><\/a><script type=\"text\/javascript\">var hupso_services_t=new Array(\"Twitter\",\"Facebook\",\"Google Plus\",\"Pinterest\",\"Linkedin\",\"Email\",\"Print\");var hupso_background_t=\"#EAF4FF\";var hupso_border_t=\"#66CCFF\";var hupso_toolbar_size_t=\"medium\";var hupso_image_folder_url = \"\";var hupso_url_t=\"\";var hupso_title_t=\"%D8%A8%D9%8A%D8%A7%D9%86%D8%A7%D8%AA%20%D8%A7%D9%84%D8%AD%D8%B3%D8%A7%D8%A8%20%D8%A7%D9%84%D8%A8%D9%86%D9%83%D9%8A%20%D9%84%D8%AA%D8%B3%D8%AF%D9%8A%D8%AF%20%D8%B1%D8%B3%D9%88%D9%85%20%D8%A7%D9%84%D8%AA%D8%B3%D8%AC%D9%8A%D9%84\";<\/script><script type=\"text\/javascript\" src=\"https:\/\/static.hupso.com\/share\/js\/share_toolbar.js\"><\/script><!-- Hupso Share Buttons --><\/div>","protected":false},"author":1,"featured_media":3051,"parent":0,"menu_order":0,"comment_status":"closed","ping_status":"closed","template":"","meta":{"footnotes":""},"class_list":["post-3090","page","type-page","status-publish","has-post-thumbnail","hentry","nodate","item-wrap"],"_links":{"self":[{"href":"https:\/\/nncacademy.com\/index.php?rest_route=\/wp\/v2\/pages\/3090","targetHints":{"allow":["GET"]}}],"collection":[{"href":"https:\/\/nncacademy.com\/index.php?rest_route=\/wp\/v2\/pages"}],"about":[{"href":"https:\/\/nncacademy.com\/index.php?rest_route=\/wp\/v2\/types\/page"}],"author":[{"embeddable":true,"href":"https:\/\/nncacademy.com\/index.php?rest_route=\/wp\/v2\/users\/1"}],"replies":[{"embeddable":true,"href":"https:\/\/nncacademy.com\/index.php?rest_route=%2Fwp%2Fv2%2Fcomments&post=3090"}],"version-history":[{"count":2,"href":"https:\/\/nncacademy.com\/index.php?rest_route=\/wp\/v2\/pages\/3090\/revisions"}],"predecessor-version":[{"id":3354,"href":"https:\/\/nncacademy.com\/index.php?rest_route=\/wp\/v2\/pages\/3090\/revisions\/3354"}],"wp:featuredmedia":[{"embeddable":true,"href":"https:\/\/nncacademy.com\/index.php?rest_route=\/wp\/v2\/media\/3051"}],"wp:attachment":[{"href":"https:\/\/nncacademy.com\/index.php?rest_route=%2Fwp%2Fv2%2Fmedia&parent=3090"}],"curies":[{"name":"wp","href":"https:\/\/api.w.org\/{rel}","templated":true}]}}